{"id":80,"date":"2018-05-18T12:33:58","date_gmt":"2018-05-18T12:33:58","guid":{"rendered":"http:\/\/sm.itd.cnr.it\/sito\/?page_id=80"},"modified":"2019-09-17T11:37:08","modified_gmt":"2019-09-17T11:37:08","slug":"elisa","status":"publish","type":"page","link":"https:\/\/www.progetto-tris.it\/index.php\/tris-stories\/elisa\/","title":{"rendered":"Elisa"},"content":{"rendered":"<p>[vc_row content_placement=&#8221;middle&#8221; css=&#8221;.vc_custom_1529072220189{padding-top: 160px !important;padding-bottom: 160px !important;}&#8221;][vc_column][vc_custom_heading text=&#8221;ELISA&#8221; font_container=&#8221;tag:h2|font_size:56px|text_align:center|color:%23000000&#8243; use_theme_fonts=&#8221;yes&#8221; css=&#8221;.vc_custom_1529072299298{margin-bottom: 20px !important;}&#8221;][vc_column_text font_size=&#8221;large&#8221; text_color=&#8221;accent&#8221;]<\/p>\n<p align=\"center\">Guspini (VS)<\/p>\n<p>[\/vc_column_text][vc_empty_space height=&#8221;60px&#8221;][vc_row_inner][vc_column_inner width=&#8221;1\/4&#8243;][\/vc_column_inner][vc_column_inner width=&#8221;3\/4&#8243;][vc_column_text font_size=&#8221;large&#8221;]Elisa \u00e8 una ragazza solare, come la sua terra d\u2019origine, la Sardegna, dove vive con i suoi genitori e il fratellino Giorgio. Fino al quinto anno della scuola primaria la sua vita \u00e8 come quella di tutti gli altri suoi coetanei, fatta di giornate a scuola, di incontri in oratorio, di vacanze al mare. A dieci anni Elisa \u00e8 costretta a rinunciare a frequentare i suoi normali contesti di vita a causa di una malattia rara, la Sensibilit\u00e0 Chimica Multipla (MSC &#8211; Multiple Chemical Sensibility), una malattia poco conosciuta che obbliga le persone che ne sono affette ad evitare tutte le sostanze chimiche abitualmente presenti in molti prodotti di uso comune, come i profumi e i detersivi.<\/p>\n<p>La diagnosi di questa patologia costringe Elisa a casa, lontana dalla sua scuola e dai suoi amici. La scuola, fatta di aule e di molte persone \u201ccontaminate\u201d da agenti chimici, diventa per lei fonte di sintomi invalidanti e un posto poco sicuro.La famiglia di Elisa inizia quindi a pensare a possibili soluzioni che le consentano di imparare come tutti gli altri, di stare fra i banchi e con i compagni, in un modo diverso, ma di esserci lo stesso.<\/p>\n<p>Con il passaggio alle scuole superiori di 1\u00b0 e l\u2019entrata di Elisa fra i casi seguiti da TRIS, il suo andare a scuola \u00e8 fatto di Skype, di chiamate da parte dei compagni e dei professori, di una linea che a volte cade, di microfoni disposti nell\u2019aula per farle sentire meglio le voci, di un compagno di banco virtuale che, a rotazione, si occupa di gestire le tecnologie in aula.<\/p>\n<p>Per arrivare a questa nuova routine della classe all\u2019Istituto Comprensivo di Guspini, sono stati necessari tanti passaggi, fatti anche di un cambiamento da parte dei professori nel modo di fare lezione e di gestire l\u2019aula, passaggi che hanno richiesto pazienza, tempo ed impegno ma che hanno riportato Elisa in aula:<\/p>\n<blockquote><p><span style=\"color: #ff6600;\">\u201cIn effetti\u2026all&#8217;inizio sembrava strano, adesso \u00e8 cos\u00ec naturale che se non vedessi l\u2019immagine di Elisa da casa sua mi farebbe strano in questa classe. Veramente, ormai \u00e8 inglobata questa immagine, nella visione generale della classe. Infatti percepisco quando Elisa magari si alza per andare a prendere un materiale da qualche altra parte\u2026 perch\u00e9 ormai ho una visione a 360 gradi di quello che succede in aula\u201d.<\/span><br \/>\n<i>&#8211; Sandra, Docente<\/i><\/p><\/blockquote>\n<p>[\/vc_column_text][vc_column_text font_size=&#8221;large&#8221;]\u00c8 proprio grazie alla formazione fornita ai docenti dal progetto TRIS che i lavori di gruppo o di coppia diventano sempre pi\u00f9 abituali in classe, favorendo la conoscenza della nuova compagna a distanza, ma aiutando anche gli studenti che hanno qualche problema ad imparare o a stare attenti in classe. Infatti Elisa \u00e8 molto brava a scuola ma all\u2019inizio le sue capacit\u00e0 e i suoi risultati sono visti con sospettosit\u00e0 dai compagni, creandole disagio ed isolamento. Col tempo per\u00f2, con un\u2019attenta programmazione di attivit\u00e0 didattiche in cui lei pu\u00f2 aiutare attivamente i compagni con maggiore difficolt\u00e0, le sue doti diventano una risorsa per tutti ed il sospetto lascia il posto all\u2019ammirazione nei suoi confronti.<\/p>\n<p class=\"m_1588314033670186822normalewise\">Il progetto TRIS ha seguito Elisa durante tutta la Scuola Secondaria di I Grado supportandone successivamente il passaggio alla Scuola Secondaria di II Grado. Attualmente Elisa frequenta il Liceo Linguistico di Cagliari.<\/p>\n<p>[\/vc_column_text][vc_empty_space height=&#8221;60px&#8221;][\/vc_column_inner][\/vc_row_inner][\/vc_column][\/vc_row]<\/p>\n","protected":false},"excerpt":{"rendered":"<p>[vc_row content_placement=&#8221;middle&#8221; css=&#8221;.vc_custom_1529072220189{padding-top: 160px !important;padding-bottom: 160px !important;}&#8221;][vc_column][vc_custom_heading text=&#8221;ELISA&#8221; font_container=&#8221;tag:h2|font_size:56px|text_align:center|color:%23000000&#8243; use_theme_fonts=&#8221;yes&#8221; css=&#8221;.vc_custom_1529072299298{margin-bottom: 20px !important;}&#8221;][vc_column_text font_size=&#8221;large&#8221; text_color=&#8221;accent&#8221;] Guspini (VS) [\/vc_column_text][vc_empty_space height=&#8221;60px&#8221;][vc_row_inner][vc_column_inner width=&#8221;1\/4&#8243;][\/vc_column_inner][vc_column_inner width=&#8221;3\/4&#8243;][vc_column_text font_size=&#8221;large&#8221;]Elisa \u00e8 una ragazza solare, come la sua terra d\u2019origine, la Sardegna, dove vive con i suoi genitori e il fratellino Giorgio. Fino al quinto anno della scuola primaria [&hellip;]<\/p>\n","protected":false},"author":1,"featured_media":0,"parent":15,"menu_order":0,"comment_status":"closed","ping_status":"closed","template":"","meta":{"footnotes":""},"class_list":["post-80","page","type-page","status-publish","hentry"],"_links":{"self":[{"href":"https:\/\/www.progetto-tris.it\/index.php\/wp-json\/wp\/v2\/pages\/80","targetHints":{"allow":["GET"]}}],"collection":[{"href":"https:\/\/www.progetto-tris.it\/index.php\/wp-json\/wp\/v2\/pages"}],"about":[{"href":"https:\/\/www.progetto-tris.it\/index.php\/wp-json\/wp\/v2\/types\/page"}],"author":[{"embeddable":true,"href":"https:\/\/www.progetto-tris.it\/index.php\/wp-json\/wp\/v2\/users\/1"}],"replies":[{"embeddable":true,"href":"https:\/\/www.progetto-tris.it\/index.php\/wp-json\/wp\/v2\/comments?post=80"}],"version-history":[{"count":20,"href":"https:\/\/www.progetto-tris.it\/index.php\/wp-json\/wp\/v2\/pages\/80\/revisions"}],"predecessor-version":[{"id":1822,"href":"https:\/\/www.progetto-tris.it\/index.php\/wp-json\/wp\/v2\/pages\/80\/revisions\/1822"}],"up":[{"embeddable":true,"href":"https:\/\/www.progetto-tris.it\/index.php\/wp-json\/wp\/v2\/pages\/15"}],"wp:attachment":[{"href":"https:\/\/www.progetto-tris.it\/index.php\/wp-json\/wp\/v2\/media?parent=80"}],"curies":[{"name":"wp","href":"https:\/\/api.w.org\/{rel}","templated":true}]}}

<p>[vc_row content_placement=&#8221;middle&#8221; css=&#8221;.vc_custom_1529072220189{padding-top: 160px !important;padding-bottom: 160px !important;}&#8221;][vc_column][vc_custom_heading text=&#8221;ELISA&#8221; font_container=&#8221;tag:h2|font_size:56px|text_align:center|color:%23000000&#8243; use_theme_fonts=&#8221;yes&#8221; css=&#8221;.vc_custom_1529072299298{margin-bottom: 20px !important;}&#8221;][vc_column_text font_size=&#8221;large&#8221; text_color=&#8221;accent&#8221;]</p>
<p align="center">Guspini (VS)</p>
<p>[/vc_column_text][vc_empty_space height=&#8221;60px&#8221;][vc_row_inner][vc_column_inner width=&#8221;1/4&#8243;][/vc_column_inner][vc_column_inner width=&#8221;3/4&#8243;][vc_column_text font_size=&#8221;large&#8221;]Elisa è una ragazza solare, come la sua terra d’origine, la Sardegna, dove vive con i suoi genitori e il fratellino Giorgio. Fino al quinto anno della scuola primaria la sua vita è come quella di tutti gli altri suoi coetanei, fatta di giornate a scuola, di incontri in oratorio, di vacanze al mare. A dieci anni Elisa è costretta a rinunciare a frequentare i suoi normali contesti di vita a causa di una malattia rara, la Sensibilità Chimica Multipla (MSC &#8211; Multiple Chemical Sensibility), una malattia poco conosciuta che obbliga le persone che ne sono affette ad evitare tutte le sostanze chimiche abitualmente presenti in molti prodotti di uso comune, come i profumi e i detersivi.</p>
<p>La diagnosi di questa patologia costringe Elisa a casa, lontana dalla sua scuola e dai suoi amici. La scuola, fatta di aule e di molte persone “contaminate” da agenti chimici, diventa per lei fonte di sintomi invalidanti e un posto poco sicuro.La famiglia di Elisa inizia quindi a pensare a possibili soluzioni che le consentano di imparare come tutti gli altri, di stare fra i banchi e con i compagni, in un modo diverso, ma di esserci lo stesso.</p>
<p>Con il passaggio alle scuole superiori di 1° e l’entrata di Elisa fra i casi seguiti da TRIS, il suo andare a scuola è fatto di Skype, di chiamate da parte dei compagni e dei professori, di una linea che a volte cade, di microfoni disposti nell’aula per farle sentire meglio le voci, di un compagno di banco virtuale che, a rotazione, si occupa di gestire le tecnologie in aula.</p>
<p>Per arrivare a questa nuova routine della classe all’Istituto Comprensivo di Guspini, sono stati necessari tanti passaggi, fatti anche di un cambiamento da parte dei professori nel modo di fare lezione e di gestire l’aula, passaggi che hanno richiesto pazienza, tempo ed impegno ma che hanno riportato Elisa in aula:</p>
<blockquote><p><span style="color: #ff6600;">“In effetti…all&#8217;inizio sembrava strano, adesso è così naturale che se non vedessi l’immagine di Elisa da casa sua mi farebbe strano in questa classe. Veramente, ormai è inglobata questa immagine, nella visione generale della classe. Infatti percepisco quando Elisa magari si alza per andare a prendere un materiale da qualche altra parte… perché ormai ho una visione a 360 gradi di quello che succede in aula”.</span><br />
<i>&#8211; Sandra, Docente</i></p></blockquote>
<p>[/vc_column_text][vc_column_text font_size=&#8221;large&#8221;]È proprio grazie alla formazione fornita ai docenti dal progetto TRIS che i lavori di gruppo o di coppia diventano sempre più abituali in classe, favorendo la conoscenza della nuova compagna a distanza, ma aiutando anche gli studenti che hanno qualche problema ad imparare o a stare attenti in classe. Infatti Elisa è molto brava a scuola ma all’inizio le sue capacità e i suoi risultati sono visti con sospettosità dai compagni, creandole disagio ed isolamento. Col tempo però, con un’attenta programmazione di attività didattiche in cui lei può aiutare attivamente i compagni con maggiore difficoltà, le sue doti diventano una risorsa per tutti ed il sospetto lascia il posto all’ammirazione nei suoi confronti.</p>
<p class="m_1588314033670186822normalewise">Il progetto TRIS ha seguito Elisa durante tutta la Scuola Secondaria di I Grado supportandone successivamente il passaggio alla Scuola Secondaria di II Grado. Attualmente Elisa frequenta il Liceo Linguistico di Cagliari.</p>
<p>[/vc_column_text][vc_empty_space height=&#8221;60px&#8221;][/vc_column_inner][/vc_row_inner][/vc_column][/vc_row]</p>

<p>[vc_row content_placement=&#8221;middle&#8221; css=&#8221;.vc_custom_1529072220189{padding-top: 160px !important;padding-bottom: 160px !important;}&#8221;][vc_column][vc_custom_heading text=&#8221;ELISA&#8221; font_container=&#8221;tag:h2|font_size:56px|text_align:center|color:%23000000&#8243; use_theme_fonts=&#8221;yes&#8221; css=&#8221;.vc_custom_1529072299298{margin-bottom: 20px !important;}&#8221;][vc_column_text font_size=&#8221;large&#8221; text_color=&#8221;accent&#8221;] Guspini (VS) [/vc_column_text][vc_empty_space height=&#8221;60px&#8221;][vc_row_inner][vc_column_inner width=&#8221;1/4&#8243;][/vc_column_inner][vc_column_inner width=&#8221;3/4&#8243;][vc_column_text font_size=&#8221;large&#8221;]Elisa è una ragazza solare, come la sua terra d’origine, la Sardegna, dove vive con i suoi genitori e il fratellino Giorgio. Fino al quinto anno della scuola primaria [&hellip;]</p>
