{"id":82,"date":"2018-05-18T12:34:08","date_gmt":"2018-05-18T12:34:08","guid":{"rendered":"http:\/\/sm.itd.cnr.it\/sito\/?page_id=82"},"modified":"2019-09-17T10:30:44","modified_gmt":"2019-09-17T10:30:44","slug":"giorgio","status":"publish","type":"page","link":"https:\/\/www.progetto-tris.it\/index.php\/tris-stories\/giorgio\/","title":{"rendered":"Giorgio"},"content":{"rendered":"<p>[vc_row content_placement=&#8221;middle&#8221; css=&#8221;.vc_custom_1529072429298{padding-top: 160px !important;padding-bottom: 160px !important;}&#8221;][vc_column][vc_custom_heading text=&#8221;GIORGIO&#8221; font_container=&#8221;tag:h2|font_size:56px|text_align:center|color:%23000000&#8243; use_theme_fonts=&#8221;yes&#8221; css=&#8221;.vc_custom_1529072438885{margin-bottom: 20px !important;}&#8221;][vc_column_text font_size=&#8221;large&#8221; text_color=&#8221;accent&#8221;]<\/p>\n<p align=\"center\">Guspini (VS)<\/p>\n<p>[\/vc_column_text][vc_empty_space][vc_row_inner][vc_column_inner width=&#8221;1\/4&#8243;][\/vc_column_inner][vc_column_inner width=&#8221;3\/4&#8243;][vc_column_text font_size=&#8221;large&#8221;]Giorgio \u00e8 un bambino timido ma socievole che vive nel paese di Guspini, nella provincia del Sud Sardegna. Fino alla terza della scuola primaria, la vita di Giorgio \u00e8 simile a quella dei suoi coetanei ed \u00e8 fatta di giochi, amicizie e, soprattutto, dei momenti passati a scuola, dove pu\u00f2 incontrare i compagni e crescere.<\/p>\n<p>A causa della Sensibilit\u00e0 Chimica Multipla (MCS &#8211; Multiple Chemical Sensibility), la malattia rara dalla quale sono affetti lui e la sorella maggiore <a href=\"https:\/\/www.progetto-tris.it\/index.php\/tris-stories\/elisa\/\" target=\"_blank\" rel=\"noopener noreferrer\">Elisa<\/a>, all\u2019et\u00e0 di otto anni Giorgio non pu\u00f2 pi\u00f9 frequentare in presenza le lezioni. Il peggioramento delle sue condizioni di salute gli impedisce di stare, per lungo tempo, in ambienti con un\u2019alta concentrazione di elementi chimici, vale a dire in tutti i luoghi pubblici che frequenta abitualmente, in primis l\u2019aula di scuola.<\/p>\n<p>Questa nuova situazione comporta faticose sfide per Giorgio e per la sua famiglia. Da un lato, Giorgio e i suoi genitori fanno fatica a far comprendere agli altri la loro situazione e le loro difficolt\u00e0, dall\u2019altro, l\u2019improvviso isolamento pesa sulla sua vita quotidiana.<\/p>\n<p>Grazie all\u2019impegno dei suoi insegnanti, Giorgio pu\u00f2 assistere alle lezioni da casa, attraverso un collegamento Skype, ma questo non basta per poter colmare la sensazione di distanza dalla scuola e dai suoi compagni di classe. In quarta della scuola primaria, Giorgio si iscrive alla scuola primaria del paese vicino, San Gavino ed entra nel progetto TRIS, all\u2019interno del quale era gi\u00e0 coinvolta la sorella Elisa.<\/p>\n<p>Giorgio quindi deve conoscere tutti i suoi nuovi compagni e gli insegnanti e all\u2019inizio si trova un po&#8217; intimorito e preoccupato.[\/vc_column_text][vc_column_text font_size=&#8221;large&#8221;]Grazie all\u2019accoglienza e alla preparazione dei nuovi maestri, Giorgio da casa inizia a sentirsi pi\u00f9 presente in classe, coinvolto dai compagni con i quali instaura rapporti di amicizia. Da subito i maestri della nuova scuola collaborano con i ricercatori del progetto TRIS, studiando soluzioni che riguardano l\u2019organizzazione delle lezioni, degli spazi fisici e l\u2019uso delle tecnologie.<\/p>\n<blockquote><p><span style=\"color: #ff6600;\">\u201cCredo che questo sia stato il punto di partenza. Entrare un po\u2019 nella problematica, cercare di capire e vedere di trovare una soluzione in modo che lui si sentisse proprio incluso. Cio\u00e8 basta dire questa parola perch\u00e9 l\u2019inclusione \u00e8 l\u2019obiettivo principale. Era ed \u00e8, devo dire, l\u2019obiettivo principale. Inclusione intesa non solo sociale\u2026 nel senso che lui si deve sentire proprio parte della classe anche nell\u2019apprendimento.\u201d<\/span><br \/>\n<i>&#8211; Massimiliano, Docente<\/i><\/p><\/blockquote>\n<p>L\u2019allestimento di un\u2019aula speciale, opportunamente \u201cbonificata\u201d, permette a Giorgio di seguire per poche ore la settimana, le lezioni a scuola in modo presenziale compagnia di altri due suoi compagni. Nel resto del tempo, il bambino frequenta da casa grazie alla videoconferenza, ma viene coinvolto in attivit\u00e0 di gruppo e di coppia che gli permettono di interagire con i compagni. La necessit\u00e0 di utilizzare le tecnologie viene intelligentemente sfruttata dai maestri come un\u2019occasione per promuovere in tutta la classe lo sviluppo di competenze digitali.<\/p>\n<p class=\"m_1588314033670186822normalewise\">Nel corso del progetto, Giorgio passa dalla Scuola Primaria alla Scuola Secondaria di I\u00b0 Grado, iscrivendosi nello stesso Istituto che ha frequentato la sorella Elisa ed incontrando i professori gi\u00e0 formati dal progetto TRIS. Qui trova quindi una situazione gi\u00e0 avviata, che gli permette, anche in assenza del sostegno del gruppo di ricerca, di frequentare le lezioni da casa e di essere coinvolto all\u2019interno della classe.<u><\/u><u><\/u><\/p>\n<p>[\/vc_column_text][\/vc_column_inner][\/vc_row_inner][\/vc_column][\/vc_row]<\/p>\n","protected":false},"excerpt":{"rendered":"<p>[vc_row content_placement=&#8221;middle&#8221; css=&#8221;.vc_custom_1529072429298{padding-top: 160px !important;padding-bottom: 160px !important;}&#8221;][vc_column][vc_custom_heading text=&#8221;GIORGIO&#8221; font_container=&#8221;tag:h2|font_size:56px|text_align:center|color:%23000000&#8243; use_theme_fonts=&#8221;yes&#8221; css=&#8221;.vc_custom_1529072438885{margin-bottom: 20px !important;}&#8221;][vc_column_text font_size=&#8221;large&#8221; text_color=&#8221;accent&#8221;] Guspini (VS) [\/vc_column_text][vc_empty_space][vc_row_inner][vc_column_inner width=&#8221;1\/4&#8243;][\/vc_column_inner][vc_column_inner width=&#8221;3\/4&#8243;][vc_column_text font_size=&#8221;large&#8221;]Giorgio \u00e8 un bambino timido ma socievole che vive nel paese di Guspini, nella provincia del Sud Sardegna. Fino alla terza della scuola primaria, la vita di Giorgio \u00e8 simile [&hellip;]<\/p>\n","protected":false},"author":1,"featured_media":0,"parent":15,"menu_order":0,"comment_status":"closed","ping_status":"closed","template":"","meta":{"footnotes":""},"class_list":["post-82","page","type-page","status-publish","hentry"],"_links":{"self":[{"href":"https:\/\/www.progetto-tris.it\/index.php\/wp-json\/wp\/v2\/pages\/82","targetHints":{"allow":["GET"]}}],"collection":[{"href":"https:\/\/www.progetto-tris.it\/index.php\/wp-json\/wp\/v2\/pages"}],"about":[{"href":"https:\/\/www.progetto-tris.it\/index.php\/wp-json\/wp\/v2\/types\/page"}],"author":[{"embeddable":true,"href":"https:\/\/www.progetto-tris.it\/index.php\/wp-json\/wp\/v2\/users\/1"}],"replies":[{"embeddable":true,"href":"https:\/\/www.progetto-tris.it\/index.php\/wp-json\/wp\/v2\/comments?post=82"}],"version-history":[{"count":19,"href":"https:\/\/www.progetto-tris.it\/index.php\/wp-json\/wp\/v2\/pages\/82\/revisions"}],"predecessor-version":[{"id":1820,"href":"https:\/\/www.progetto-tris.it\/index.php\/wp-json\/wp\/v2\/pages\/82\/revisions\/1820"}],"up":[{"embeddable":true,"href":"https:\/\/www.progetto-tris.it\/index.php\/wp-json\/wp\/v2\/pages\/15"}],"wp:attachment":[{"href":"https:\/\/www.progetto-tris.it\/index.php\/wp-json\/wp\/v2\/media?parent=82"}],"curies":[{"name":"wp","href":"https:\/\/api.w.org\/{rel}","templated":true}]}}